of 502778186?
2, 1303, 192931
List the prime factors of 1479477221.
43, 223, 277, 557
What are the prime factors of 55439390?
2, 5, 5543939
What are the prime factors of 19552445?
5, 11, 355499
What are the prime factors of 556891848?
2, 3, 17, 41, 137
List the prime factors of 1537165793.
29, 53005717
What are the prime factors of 647602?
2, 323801
List the prime factors of 625885961.
383, 1634167
What are the prime factors of 1864818636?
2, 3, 6449, 24097
What are the prime factors of 6279284?
2, 11, 142711
What are the prime factors of 468048525?
3, 5, 7, 891521
What are the prime factors of 130881264?
2, 3, 89, 30637
List the prime factors of 2675292855.
3, 5, 178352857
What are the prime factors of 845029524?
2, 3, 70419127
List the prime factors of 676083439.
193, 239, 14657
List the prime factors of 13317411.
3, 4439137
List the prime factors of 28453393.
17, 19, 137, 643
List the prime factors of 1398436207.
7, 83, 2406947
List the prime factors of 20226276.
2, 3, 7, 80263
What are the prime factors of 3064469033?
37253, 82261
What are the prime factors of 23967889?
11, 79, 27581
List the prime factors of 349340858.
2, 43, 83, 109, 449
What are the prime factors of 14336843?
23, 623341
List the prime factors of 357954873.
3, 17, 1933, 3631
What are the prime factors of 200320530?
2, 3, 5, 6677351
List the prime factors of 54034537.
19, 47, 60509
What are the prime factors of 478575625?
5, 11, 151, 461
List the prime factors of 1261991434.
2, 11, 29, 43, 157, 293
List the prime factors of 319779646.
2, 59, 131, 137, 151
What are the prime factors of 44436653?
44436653
List the prime factors of 77873639.
77873639
What are the prime factors of 10783004?
2, 2695751
List the prime factors of 364036589.
7, 17, 83, 36857
What are the prime factors of 6505004?
2, 11, 163, 907
List the prime factors of 617673233.
29, 31, 71, 9677
List the prime factors of 96594520.
2, 5, 11, 219533
What are the prime factors of 530360488?
2, 7, 877, 10799
List the prime factors of 96724030.
2, 5, 13, 31, 24001
What are the prime factors of 3701246823?
3, 59, 1367, 5099
List the prime factors of 4375740097.
4375740097
List the prime factors of 11611146.
2, 3, 367, 5273
List the prime factors of 1469104424.
2, 183638053
List the prime factors of 2548009858.
2, 19, 6427, 10433
List the prime factors of 84440748.
2, 3, 7, 331, 3037
List the prime factors of 162574449.
3, 227, 238729
What are the prime factors of 1612936708?
2, 37, 43, 253447
What are the prime factors of 116187850?
2, 5, 19, 41, 157
What are the prime factors of 83972452?
2, 17, 1234889
List the prime factors of 904982758.
2, 29, 2939, 5309
List the prime factors of 296726702.
2, 148363351
What are the prime factors of 273894146?
2, 113, 1211921
List the prime factors of 9338211788.
2, 43, 359, 3517
What are the prime factors of 143427439?
191, 750929
What are the prime factors of 1219205155?
5, 7, 509, 68437
List the prime factors of 103297343.
103297343
What are the prime factors of 525042204?
2, 3, 43753517
List the prime factors of 745826505.
3, 5, 109, 317, 1439
List the prime factors of 68446376.
2, 659, 12983
What are the prime factors of 16207596?
2, 3, 17, 71, 373
What are the prime factors of 471373475?
5, 67, 347, 811
List the prime factors of 35512369.
1201, 29569
What are the prime factors of 71773341?
3, 137, 174631
What are the prime factors of 139601772?
2, 3, 1292609
What are the prime factors of 4158093405?
3, 5, 12511, 22157
What are the prime factors of 124692421?
7, 19, 937537
What are the prime factors of 364837791?
3, 19, 31, 10867
What are the prime factors of 94867876?
2, 23716969
List the prime factors of 525120636.
2, 3, 23, 1902611
What are the prime factors of 127770737?
179, 691, 1033
What are the prime factors of 7034171013?
3, 19, 113, 364031
What are the prime factors of 2707094466?
2, 3, 50131379
What are the prime factors of 6440776338?
2, 3, 1367, 785269
List the prime factors of 37169296.
2, 2323081
List the prime factors of 126728630.
2, 5, 7, 1810409
List the prime factors of 5397861.
3, 7, 401, 641
What are the prime factors of 48301673?
7, 409, 16871
List the prime factors of 53036445.
3, 5, 7, 11, 47, 977
List the prime factors of 515838386.
2, 7, 37, 20323
List the prime factors of 45882611.
29, 1582159
List the prime factors of 340397957.
340397957
List the prime factors of 242730153.
3, 229, 117773
What are the prime factors of 2216531567?
29, 151, 506173
What are the prime factors of 2921644514?
2, 17, 85930721
What are the prime factors of 2360164410?
2, 3, 5, 197, 133117
What are the prime factors of 462307326?
2, 3, 13, 5927017
List the prime factors of 655140314.
2, 53, 191, 32359
List the prime factors of 2022206363.
2022206363
List the prime factors of 84456712.
2, 227, 46507
List the prime factors of 30608479.
11, 547, 5087
What are the prime factors of 33277314?
2, 3, 7, 792317
What are the prime factors of 1012903668?
2, 3, 7, 461, 8719
What are the prime factors of 639010676?
2, 307, 379, 1373
List the prime factors of 46279060.
2, 5, 19, 121787
What are the prime factors of 40606347?
3, 13535449
What are the prime factors of 5742496980?
2, 3, 5, 11, 17, 170603
What are the prime factors of 35549368?
2, 79, 56249
List the prime factors of 9477584.
2, 167, 3547
What are the prime factors of 328769012?
2, 11, 13, 31, 18541
List the prime factors of 84679163.
61, 1388183
List the prime factors of 53600731.
127, 587, 719
List the prime factors of 57971499.
3, 41, 471313
What are the prime factors of 1747651873?
11, 158877443
List the prime factors of 19431420.
2, 3, 5, 31, 337
What are the prime factors of 541811976?
2, 3, 22575499
List the prime factors of 3572545.
5, 714509
List the prime factors of 600337959.
3, 13, 3533, 4357
List the prime factors of 1980842078.
2, 22003, 45013
What are the prime factors of 66949856?
2, 2092183
List the prime factors of 5922754245.
3, 5, 29, 4538509
What are the prime factors of 169749128?
2, 21218641
What are the prime factors of 7240729?
19, 179, 2129
What are the prime factors of 599695105?
5, 119939021
List the prime factors of 90276182.
2, 19, 701, 3389
List the prime factors of 45289644.
2, 3, 821, 4597
What are the prime factors of 137803566?
2, 3, 22967261
What are the prime factors of 12834838?
2, 2383, 2693
List the prime factors of 68383753.
431, 158663
What are the prime factors of 56369620?
2, 5, 17, 29, 5717
What are the prime factors of 574537388?
2, 3607, 39821
List the prime factors of 597863229.
3, 199287743
List the prime factors of 6830555882.
2, 83, 41147927
What are the prime factors of 45223418?
2, 3727, 6067
List the prime factors of 62323445.
5, 17, 23, 71, 449
What are the prime factors of 71009147?
11, 6455377
What are the prime factors of 1253509156?
2, 109, 2875021
List the prime factors of 88046064.
2, 3, 137, 4463
What are the prime factors of 4016353431?
3, 139, 9631543
What are the prime factors of 4449693461?
4449693461
List the prime factors of 22121492.
2, 23, 83, 2897
List the prime factors of 1251501583.
29, 43155227
List the prime factors of 233205629.
7121, 32749
What are the prime factors of 2918192072?
2, 37, 9858757
What are the prime factors of 824324616?
2, 3, 137, 193, 433
What are the prime factors of 283572725?
5, 293, 38713
What are the prime factors of 7206239448?
2, 3, 100086659
List the prime factors of 133617495.
3, 5, 11, 809803
List the prime factors of 2600017005.
3, 5, 367, 472301
List the prime factors of 36916474.
2, 7, 31, 85061
What are the prime factors of 1232779403?
47, 26229349
What are the prime factors of 109085900?
2, 5, 7, 11, 31, 457
What are the prime factors of 29986834?
2, 137, 109441
List the prime factors of 428720316.
2, 3, 647, 55219
What are the prime factors of 109125610?
2, 5, 11, 992051
List the prime factors of 484763738.
2, 17, 14257757
List the prime factors of 631635725.
5, 7, 515621
What are the prime factors of 32427585?
3, 5, 17, 19, 23, 97
List the prime factors of 5394844449.
3, 107, 991, 5653
List the prime factors of 158598313.
53, 59, 67, 757
What are the prime factors of 332625251?
7, 41, 47, 24659
List the prime factors of 57222645.
3, 5, 191, 19973
What are the prime factors of 1363167658?
2, 681583829
What ar